lions digit of 152050580?
5
What is the millions digit of 188379783?
8
What is the hundred thousands digit of 57082274?
0
What is the units digit of 49586919?
9
What is the ten thousands digit of 183157624?
5
What is the hundreds digit of 47443807?
8
What is the hundreds digit of 2004032?
0
What is the thousands digit of 47566982?
6
What is the ten millions digit of 36810240?
3
What is the hundreds digit of 2152154?
1
What is the hundred thousands digit of 395303534?
3
What is the ten thousands digit of 139843104?
4
What is the thousands digit of 105617688?
7
What is the tens digit of 63132679?
7
What is the hundreds digit of 31146245?
2
What is the millions digit of 235183346?
5
What is the ten thousands digit of 1166811234?
1
What is the ten thousands digit of 58070779?
7
What is the units digit of 41339907?
7
What is the thousands digit of 85886061?
6
What is the billions digit of 4870384352?
4
What is the thousands digit of 167348774?
8
What is the units digit of 95001301?
1
What is the thousands digit of 598601919?
1
What is the millions digit of 81921615?
1
What is the hundred thousands digit of 437498816?
4
What is the tens digit of 2146354243?
4
What is the millions digit of 155619878?
5
What is the units digit of 642158383?
3
What is the units digit of 2650053497?
7
What is the tens digit of 358415562?
6
What is the hundred thousands digit of 5156504449?
5
What is the units digit of 373710839?
9
What is the hundred millions digit of 1905763047?
9
What is the tens digit of 443825351?
5
What is the thousands digit of 3732368874?
8
What is the millions digit of 4508972076?
8
What is the units digit of 885197834?
4
What is the tens digit of 2960995375?
7
What is the ten millions digit of 81179615?
8
What is the millions digit of 81555672?
1
What is the ten thousands digit of 2116581659?
8
What is the ten thousands digit of 199031761?
3
What is the millions digit of 85377713?
5
What is the hundreds digit of 30945404?
4
What is the tens digit of 177010021?
2
What is the hundreds digit of 128219779?
7
What is the millions digit of 960801462?
0
What is the millions digit of 24855497?
4
What is the thousands digit of 29532401?
2
What is the millions digit of 45448113?
5
What is the thousands digit of 514226952?
6
What is the ten thousands digit of 48763860?
6
What is the millions digit of 2044170900?
4
What is the tens digit of 240433313?
1
What is the hundred millions digit of 1923637495?
9
What is the units digit of 10454620?
0
What is the hundred millions digit of 3335774557?
3
What is the ten thousands digit of 158013561?
1
What is the hundreds digit of 988925327?
3
What is the ten millions digit of 11016143?
1
What is the ten thousands digit of 1510992900?
9
What is the hundreds digit of 2885205496?
4
What is the millions digit of 200790614?
0
What is the tens digit of 3195183601?
0
What is the hundreds digit of 1583656795?
7
What is the tens digit of 3413403845?
4
What is the hundred thousands digit of 1145183131?
1
What is the hundred thousands digit of 40154619?
1
What is the units digit of 1007677163?
3
What is the thousands digit of 32243188?
3
What is the millions digit of 140582584?
0
What is the ten thousands digit of 32535010?
3
What is the hundreds digit of 1220359048?
0
What is the millions digit of 99845857?
9
What is the hundred thousands digit of 1040314445?
3
What is the thousands digit of 285113006?
3
What is the ten thousands digit of 559578719?
7
What is the hundred millions digit of 1468533570?
4
What is the millions digit of 112409283?
2
What is the hundreds digit of 378406969?
9
What is the hundred thousands digit of 1268583044?
5
What is the hundred thousands digit of 458999062?
9
What is the millions digit of 827273077?
7
What is the hundred thousands digit of 2531132298?
1
What is the hundred millions digit of 2679536423?
6
What is the hundred thousands digit of 41766666?
7
What is the ten thousands digit of 80913114?
1
What is the hundreds digit of 248150407?
4
What is the ten millions digit of 1489986734?
8
What is the hundred thousands digit of 122999031?
9
What is the hundreds digit of 50082956?
9
What is the millions digit of 59681452?
9
What is the hundreds digit of 213734269?
2
What is the thousands digit of 1484144752?
4
What is the thousands digit of 4780911900?
1
What is the thousands digit of 188197701?
7
What is the ten thousands digit of 113022354?
2
What is the tens digit of 339733668?
6
What is the thousands digit of 230853144?
3
What is the tens digit of 132319226?
2
What is the units digit of 5203646?
6
What is the units digit of 547904738?
8
What is the hundred millions digit of 166306671?
1
What is the hundred millions digit of 321010709?
3
What is the millions digit of 5507958411?
7
What is the hundred thousands digit of 265851152?
8
What is the ten millions digit of 131875787?
3
What is the hundred thousands digit of 7657848195?
8
What is the thousands digit of 58867490?
7
What is the hundred millions digit of 1060136854?
0
What is the millions digit of 1727092757?
7
What is the hundreds digit of 775949694?
6
What is the ten thousands digit of 41265189?
6
What is the thousands digit of 75310710?
0
What is the tens digit of 271219671?
7
What is the millions digit of 3985947249?
5
What is the units digit of 62785555?
5
What is the hundred thousands digit of 135020806?
0
What is the hundreds digit of 1268230718?
7
What is the hundred millions digit of 577967157?
5
What is the hundred millions digit of 560044549?
5
What is the thousands digit of 1318170?
8
What is the thousands digit of 205914363?
4
What is the millions digit of 2068628639?
8
What is the tens digit of 4689136934?
3
What is the units digit of 289922330?
0
What is the hundred thousands digit of 4258523850?
5
What is the ten thousands digit of 32944246?
4
What is the tens digit of 1140878315?
1
What is the billions digit of 4018327680?
4
What is the ten millions digit of 65150023?
6
What is the hundreds digit of 101889370?
3
What is the millions digit of 114948314?
4
What is the millions digit of 2130593416?
0
What is the thousands digit of 1112011320?
1
What is the units digit of 1123297316?
6
What is the hundred thousands digit of 3404524416?
5
What is the billions digit of 3001487445?
3
What is the units digit of 20029941?
1
What is the units digit of 446913040?
0
What is the millions digit of 13952515?
3
What is the hundred thousands digit of 14723502?
7
What is the ten thousands digit of 208818748?
1
What is the ten thousands digit of 332413787?
1
What is the hundred millions digit of 7594994957?
5
What is the thousands digit of 434928751?
8
What is the millions digit of 185176290?
5
What is the hundreds digit of 2464820858?
8
What is the hundred millions digit of 2372754028?
3
What is the ten thousands digit of 24826834?
2
What is the hundred millions digit of 313470957?
3
What is the units digit of 68704988?
8
What is the ten millions digit of 395647996?
9
What is the ten thousands digit of 338501479?
0
What is the ten thousands digit of 478472159?
7
What is the hundred thousands digit of 103449857?
4
What is the units digit of 9504864450?
0
What is the units digit of 80855163?
3
What is the units digit of 267955227?
7
What is the units digit of 881343904?
4
What is the hundred millions digit of 350634568?
3
What is the ten millions digit of 85272796?
8
What is the ten thousands digit of 34870785?
7
What is the hundred thousands digit of 4321537927?
5
What is the hundred thousands digit of 69846545?
8
What is the hundreds digit of 258098011?
0
What is the millions digit of 1508361788?
8
What is the hundred thousands digit of 151721661?
7
What is the millions digit of 80546315?
0
What is the units digit of 56803169?
9
What is the millions digit of 1975445072?
5
What is the hundreds digit of 370060836?
8
What is the units digit of 161381626?
6
What is the hundreds digit of 2444281584?
5
What is the tens digit of 27418609?
0
What is the hundreds digit of 1277005611?
6
What is the tens digit of 33845357?
5
What is the hundred millions digit of 825190859?
8
What is the millions digit of 193053416?
3
What is the thousands digit of 1439112069?
2
What is the hundred thousands digit of 382221604?
2
What is the hundred thousands dig